he prime factors of 41139302?
2, 3089, 6659
What are the prime factors of 2037082509?
3, 7, 11, 31, 94823
List the prime factors of 3823496950.
2, 5, 7, 13, 120047
What are the prime factors of 6216025857?
3, 2072008619
List the prime factors of 381031414.
2, 190515707
List the prime factors of 1250822218.
2, 625411109
List the prime factors of 3380679699.
3, 103, 10940711
What are the prime factors of 225620273?
61, 3698693
List the prime factors of 9180268733.
9180268733
List the prime factors of 924572124.
2, 3, 7, 23, 53173
List the prime factors of 422518270.
2, 5, 499, 84673
What are the prime factors of 445523967?
3, 7, 7071809
List the prime factors of 30481573.
41, 18133
What are the prime factors of 1526892751?
1526892751
List the prime factors of 216653093.
37, 5855489
List the prime factors of 784135351.
5987, 130973
List the prime factors of 8625326.
2, 53, 81371
List the prime factors of 203732630.
2, 5, 19, 83, 12919
What are the prime factors of 851986996?
2, 7, 30428107
List the prime factors of 1054026701.
7, 13, 1654673
List the prime factors of 722864854.
2, 17, 349, 60919
What are the prime factors of 42673710?
2, 3, 5, 967, 1471
List the prime factors of 6487727266.
2, 1193, 2719081
What are the prime factors of 1698080678?
2, 7, 127, 955051
List the prime factors of 130441152.
2, 3, 679381
What are the prime factors of 1315965327?
3, 19, 23087111
List the prime factors of 103447245.
3, 5, 11, 626953
List the prime factors of 559372551.
3, 186457517
What are the prime factors of 5445122975?
5, 397, 523, 1049
What are the prime factors of 49717699?
19, 2616721
List the prime factors of 37897729.
2273, 16673
List the prime factors of 164979228.
2, 3, 2459, 5591
What are the prime factors of 2885295890?
2, 5, 37, 7798097
What are the prime factors of 4862137?
7, 694591
List the prime factors of 190684835.
5, 11, 17, 23, 8867
What are the prime factors of 47133100?
2, 5, 7, 9619
List the prime factors of 549266361.
3, 7, 83, 315127
List the prime factors of 2634125531.
23, 114527197
What are the prime factors of 2364874963?
11, 214988633
What are the prime factors of 4372077842?
2, 11, 37, 1951, 2753
What are the prime factors of 6617439?
3, 735271
List the prime factors of 1961265.
3, 5, 53, 2467
What are the prime factors of 2405573452?
2, 601393363
What are the prime factors of 34252242?
2, 3, 5708707
List the prime factors of 1778421755.
5, 11, 19, 23, 61, 1213
List the prime factors of 1296608209.
13, 99739093
What are the prime factors of 1098457455?
3, 5, 3571, 20507
List the prime factors of 97776842.
2, 48888421
What are the prime factors of 1606790627?
13, 103, 1199993
List the prime factors of 6780799814.
2, 113, 30003539
List the prime factors of 1364982822.
2, 3, 7, 113, 95869
What are the prime factors of 5086108469?
13, 391239113
What are the prime factors of 4567031022?
2, 3, 8291, 91807
List the prime factors of 1734855212.
2, 353, 1228651
List the prime factors of 161201660.
2, 5, 683, 11801
List the prime factors of 1619973811.
211, 7677601
List the prime factors of 385753760.
2, 5, 7, 344423
What are the prime factors of 8523651811?
17, 23, 113, 192917
List the prime factors of 64497520.
2, 5, 23, 35053
What are the prime factors of 3092279508?
2, 3, 85896653
What are the prime factors of 3932886490?
2, 5, 13, 1979, 15287
List the prime factors of 47288414.
2, 23, 71, 14479
List the prime factors of 379578360.
2, 3, 5, 7, 451879
What are the prime factors of 1950495066?
2, 3, 13, 926161
List the prime factors of 49951180.
2, 5, 67, 37277
List the prime factors of 334421756.
2, 17, 4917967
What are the prime factors of 171531270?
2, 3, 5, 70589
What are the prime factors of 172248209?
7, 37, 665051
List the prime factors of 6334245641.
1019, 6216139
What are the prime factors of 2219042714?
2, 7, 23, 984491
List the prime factors of 245105791.
7, 1483, 3373
List the prime factors of 1247516828.
2, 311879207
List the prime factors of 8535476.
2, 79, 27011
List the prime factors of 159154859.
159154859
What are the prime factors of 469329185?
5, 13, 29, 248981
What are the prime factors of 208920842?
2, 13, 31, 127, 157
List the prime factors of 631382991.
3, 97, 2169701
What are the prime factors of 533409375?
3, 5, 56897
List the prime factors of 69880985.
5, 1481, 9437
List the prime factors of 395799173.
7, 11, 47, 109367
List the prime factors of 1058860140.
2, 3, 5, 13, 1357513
List the prime factors of 1255646676.
2, 3, 104637223
List the prime factors of 93575684.
2, 17, 19, 23, 47, 67
What are the prime factors of 199601765?
5, 11, 3629123
What are the prime factors of 224381398?
2, 101, 563, 1973
What are the prime factors of 1378265210?
2, 5, 7, 137, 143719
List the prime factors of 1252355050.
2, 5, 31, 331, 2441
List the prime factors of 145495041.
3, 48498347
List the prime factors of 1852855311.
3, 89, 6939533
What are the prime factors of 359538722?
2, 619, 290419
What are the prime factors of 1688447758?
2, 877, 962627
List the prime factors of 1037460946.
2, 71, 7306063
What are the prime factors of 3396544302?
2, 3, 566090717
What are the prime factors of 838979114?
2, 419489557
List the prime factors of 917336664.
2, 3, 67, 7043
List the prime factors of 111744448.
2, 1746007
List the prime factors of 1479692708.
2, 13, 97, 293357
List the prime factors of 4841342.
2, 11, 337, 653
List the prime factors of 24864199.
24864199
What are the prime factors of 2506022589?
3, 7, 193, 263, 2351
What are the prime factors of 87641427?
3, 67, 436027
List the prime factors of 189750.
2, 3, 5, 11, 23
List the prime factors of 157221319.
157221319
List the prime factors of 159093294.
2, 3, 311, 85259
List the prime factors of 133780917.
3, 6257, 7127
What are the prime factors of 8781682?
2, 7, 13, 61, 113
What are the prime factors of 458142604?
2, 541, 211711
What are the prime factors of 2143557773?
7, 43746077
List the prime factors of 829311282.
2, 3, 46072849
List the prime factors of 11995679.
2053, 5843
List the prime factors of 164101193.
6863, 23911
What are the prime factors of 2817734373?
3, 73, 4288789
List the prime factors of 12373960.
2, 5, 17, 31, 587
What are the prime factors of 115498842?
2, 3, 293, 65699
What are the prime factors of 4623188581?
11, 887, 473833
List the prime factors of 130969134.
2, 3, 7276063
What are the prime factors of 1828995770?
2, 5, 7, 26128511
List the prime factors of 69619258.
2, 607, 57347
What are the prime factors of 1699013277?
3, 13, 131, 8527
List the prime factors of 77351115.
3, 5, 53, 149, 653
List the prime factors of 850181965.
5, 227, 229, 3271
What are the prime factors of 1547111177?
1547111177
List the prime factors of 143909078.
2, 19, 29, 130589
What are the prime factors of 16876270?
2, 5, 1687627
What are the prime factors of 328348386?
2, 3, 19, 167, 5749
List the prime factors of 236366828.
2, 59091707
List the prime factors of 20806179.
3, 6935393
List the prime factors of 90940599.
3, 17, 233, 2551
What are the prime factors of 1683009?
3, 41, 4561
List the prime factors of 21339258.
2, 3, 3556543
List the prime factors of 171073273.
7, 59, 414221
What are the prime factors of 793359647?
10589, 74923
What are the prime factors of 76103153?
7, 10871879
What are the prime factors of 3787723?
3787723
List the prime factors of 509963856.
2, 3, 10624247
List the prime factors of 27685588.
2, 7, 17, 1187
List the prime factors of 1823858723.
37, 49293479
List the prime factors of 54744018.
2, 3, 7, 53, 24593
List the prime factors of 229942855.
5, 61, 137, 5503
List the prime factors of 2409048413.
151, 15953963
What are the prime factors of 68810925?
3, 5, 617, 1487
List the prime factors of 419583.
3, 139861
List the prime factors of 305515667.
29, 10535023
What are the prime factors of 41700862?
2, 7, 425519
List the prime factors of 9055671.
3, 43, 70199
What are the prime factors of 4138765?
5, 211, 3923
What are the prime factors of 182156752?
2, 1049, 10853
What are the prime factors of 375983336?
2, 181, 259657
What are the prime factors of 1355024084?
2, 43, 7878047
What are the prime factors of 44522575?
5, 17, 104759
List the prime factors of 352763.
61, 5783
What are the prime factors of 2673173574?
2, 3, 19, 23, 339839